{"id":160,"date":"2019-06-12T09:30:55","date_gmt":"2019-06-12T09:30:55","guid":{"rendered":"https:\/\/fiber.pl\/olkusz\/?page_id=160"},"modified":"2019-08-21T19:34:34","modified_gmt":"2019-08-21T19:34:34","slug":"sprawdz-nas-za-darmo","status":"publish","type":"page","link":"https:\/\/fiber.pl\/olkusz\/sprawdz-nas-za-darmo\/","title":{"rendered":"Sprawd\u017a nas za darmo"},"content":{"rendered":"<section id=\"\" class=\"fw-main-row   \"   >\n<div class=\"chose-overlay\"><\/div>\n\t<div class=\"fw-container\">\n\t\t\n<div class=\"row\">\n\t<div class=\"col-xs-12 col-sm-4\">\n\t<img decoding=\"async\" src=\"\/\/fiber.pl\/olkusz\/wp-content\/uploads\/2019\/08\/IMG_3980.jpg\" alt=\"\/\/fiber.pl\/olkusz\/wp-content\/uploads\/2019\/08\/IMG_3980.jpg\" \/><\/div>\n<div class=\"col-xs-12 col-sm-8\">\n\t<div class=\"fw-heading fw-heading-h2 \">\n\t\t<h2 class='fw-special-title'>Nie lubisz kupowa\u0107 kota w worku?<\/h2>\t<\/div><p>My te\u017c! Dlatego doskonale rozumiemy, \u017ce zanim podpiszesz z nami umow\u0119, chcia\u0142by\u015b za darmo przetestowa\u0107 nasze us\u0142ugi - zar\u00f3wno internet \u015bwiat\u0142owodowy, jak r\u00f3wnie\u017c telewizj\u0119.<\/p><div class=\"fw-heading fw-heading-h2 \">\n\t\t<h2 class='fw-special-title'>Oferujemy 1 miesi\u0105c testowy zupe\u0142nie ZA DARMO. <\/h2>\t<\/div><p>Je\u015bli jeste\u015b w zasi\u0119gu naszej sieci i chcesz si\u0119 do niej przy\u0142\u0105czy\u0107 na pr\u00f3b\u0119, skontaktuj si\u0119 z nami! W kr\u00f3tkim czasie b\u0119dziesz m\u00f3g\u0142 zacz\u0105\u0107 korzysta\u0107 z superszybkiego internetu FIBER!<\/p><\/div>\n<\/div>\n\n\t<\/div>\n<\/section>\n\n","protected":false},"excerpt":{"rendered":"<p>Nie lubisz kupowa\u0107 kota w worku? My te\u017c! Dlatego doskonale rozumiemy, \u017ce zanim podpiszesz z nami [&#8230;] <\/p>\n<div class=\"read-mode-box\"><a class=\"btn btn-default read-more\" href=\"https:\/\/fiber.pl\/olkusz\/sprawdz-nas-za-darmo\/\">Czytaj wi\u0119cej<\/a><\/div>\n","protected":false},"author":1,"featured_media":0,"parent":0,"menu_order":0,"comment_status":"closed","ping_status":"closed","template":"","meta":{"om_disable_all_campaigns":false,"_monsterinsights_skip_tracking":false,"_monsterinsights_sitenote_active":false,"_monsterinsights_sitenote_note":"","_monsterinsights_sitenote_category":0,"footnotes":""},"class_list":["post-160","page","type-page","status-publish","hentry"],"_links":{"self":[{"href":"https:\/\/fiber.pl\/olkusz\/wp-json\/wp\/v2\/pages\/160","targetHints":{"allow":["GET"]}}],"collection":[{"href":"https:\/\/fiber.pl\/olkusz\/wp-json\/wp\/v2\/pages"}],"about":[{"href":"https:\/\/fiber.pl\/olkusz\/wp-json\/wp\/v2\/types\/page"}],"author":[{"embeddable":true,"href":"https:\/\/fiber.pl\/olkusz\/wp-json\/wp\/v2\/users\/1"}],"replies":[{"embeddable":true,"href":"https:\/\/fiber.pl\/olkusz\/wp-json\/wp\/v2\/comments?post=160"}],"version-history":[{"count":6,"href":"https:\/\/fiber.pl\/olkusz\/wp-json\/wp\/v2\/pages\/160\/revisions"}],"predecessor-version":[{"id":389,"href":"https:\/\/fiber.pl\/olkusz\/wp-json\/wp\/v2\/pages\/160\/revisions\/389"}],"wp:attachment":[{"href":"https:\/\/fiber.pl\/olkusz\/wp-json\/wp\/v2\/media?parent=160"}],"curies":[{"name":"wp","href":"https:\/\/api.w.org\/{rel}","templated":true}]}}